d 214666?
362
Calculate the greatest common divisor of 11639 and 8137.
103
What is the highest common factor of 133122 and 11?
11
What is the greatest common factor of 4132 and 106399?
1033
What is the highest common divisor of 126282 and 390?
78
Calculate the highest common factor of 1169 and 289411.
167
Calculate the highest common factor of 21346 and 182.
26
Calculate the highest common factor of 4655742 and 546.
546
What is the highest common divisor of 35012 and 4?
4
Calculate the greatest common factor of 19 and 743.
1
Calculate the greatest common factor of 54775 and 75.
25
What is the highest common factor of 352477 and 41?
41
Calculate the greatest common factor of 3675 and 270.
15
What is the greatest common divisor of 5 and 84845?
5
What is the highest common divisor of 7866 and 506?
46
What is the highest common divisor of 384753 and 14127?
831
What is the highest common factor of 1865 and 5?
5
Calculate the highest common factor of 510 and 377502.
102
What is the highest common divisor of 266789 and 3095?
619
What is the highest common divisor of 280227 and 609?
87
Calculate the highest common divisor of 95423 and 148.
37
Calculate the greatest common divisor of 93 and 52359.
93
Calculate the highest common factor of 219726 and 5031.
117
Calculate the greatest common factor of 80 and 214350.
10
What is the greatest common factor of 1170 and 69300?
90
Calculate the highest common divisor of 873 and 891.
9
What is the highest common factor of 7251 and 81?
3
What is the greatest common factor of 1213388 and 763?
109
What is the highest common factor of 2471549 and 53?
53
What is the highest common divisor of 224597 and 158?
79
Calculate the highest common factor of 80 and 1525290.
10
Calculate the highest common factor of 7 and 5924667.
7
Calculate the highest common factor of 33750 and 2160.
270
Calculate the greatest common factor of 7020 and 4995.
135
What is the greatest common divisor of 187705 and 1038?
173
Calculate the greatest common factor of 6111 and 77697.
873
Calculate the highest common divisor of 1904 and 133.
7
Calculate the greatest common factor of 420255 and 6237.
297
What is the highest common factor of 4608856 and 112?
56
Calculate the greatest common factor of 38057 and 3667.
19
What is the greatest common factor of 185256 and 234?
18
Calculate the greatest common divisor of 23406 and 14442.
498
Calculate the highest common divisor of 506 and 1176703.
253
Calculate the greatest common factor of 30163 and 3058.
139
Calculate the greatest common divisor of 43045 and 10.
5
What is the greatest common divisor of 708 and 237180?
708
Calculate the highest common factor of 96702 and 4540.
454
What is the highest common divisor of 1424 and 292?
4
Calculate the greatest common divisor of 18 and 405678.
6
What is the highest common factor of 6475192 and 8?
8
What is the highest common factor of 105672 and 11544?
888
What is the greatest common divisor of 336 and 13752?
24
What is the highest common divisor of 265691 and 47?
47
Calculate the greatest common divisor of 55 and 87025.
5
Calculate the highest common factor of 113 and 1651834.
113
Calculate the highest common factor of 255997 and 28.
7
What is the greatest common factor of 1340366 and 4336?
542
Calculate the greatest common divisor of 18768 and 64.
16
Calculate the highest common divisor of 1712726 and 146.
146
Calculate the greatest common factor of 3337 and 1269.
47
Calculate the highest common divisor of 408 and 31246.
34
Calculate the highest common factor of 4033 and 925.
37
What is the greatest common factor of 548 and 910502?
274
Calculate the highest common factor of 6 and 397434.
6
What is the greatest common factor of 5296 and 80?
16
What is the greatest common divisor of 31 and 7379209?
31
Calculate the greatest common factor of 2486 and 462.
22
What is the highest common factor of 31 and 1143962?
31
Calculate the greatest common divisor of 306 and 1017.
9
What is the highest common factor of 1075382 and 56?
14
Calculate the greatest common factor of 4893 and 16.
1
What is the greatest common divisor of 21956 and 100?
4
Calculate the highest common divisor of 109005 and 45.
15
Calculate the greatest common factor of 29265 and 435.
15
What is the highest common factor of 165 and 4470?
15
Calculate the greatest common factor of 2088 and 6192.
72
Calculate the highest common factor of 10661 and 321353.
1523
What is the highest common factor of 596 and 756622?
298
What is the highest common factor of 782 and 203803?
23
What is the greatest common factor of 3287 and 2565?
19
Calculate the highest common factor of 5215 and 1260.
35
Calculate the highest common divisor of 520 and 5850.
130
Calculate the greatest common factor of 8824 and 32.
8
What is the highest common factor of 267064 and 86344?
2008
Calculate the greatest common divisor of 96791 and 33332.
641
Calculate the greatest common factor of 4374 and 819.
9
Calculate the greatest common factor of 275031 and 531.
9
What is the greatest common divisor of 11696 and 74392?
136
What is the greatest common divisor of 9360 and 2925?
585
What is the greatest common factor of 45429 and 1672?
19
What is the greatest common divisor of 2673 and 7047?
243
What is the highest common divisor of 96 and 570496?
32
Calculate the greatest common factor of 20 and 5360.
20
Calculate the highest common factor of 399235 and 5.
5
What is the highest common factor of 626 and 22?
2
What is the highest common divisor of 2653 and 427?
7
What is the highest common factor of 34 and 59602?
34
Calculate the greatest common factor of 1725 and 2323.
23
What is the greatest common divisor of 153144 and 648?
216
Calculate the highest common divisor of 57820 and 665.
35
Calculate the greatest common factor of 9316 and 1507.
137
What is the greatest common divisor of 710 and 128155?
355
What is the highest common divisor of 7315 and 457710?
1045
What is the greatest common factor of 301 and 5001115?
301
What is the greatest common divisor of 237780 and 60?
60
Calculate the greatest common factor of 920 and 520.
40
Calculate the greatest common factor of 756 and 141477.
21
What is the greatest common factor of 42 and 9184?
14
What is the highest common divisor of 637488 and 466?
466
What is the highest common factor of 11811 and 279?
93
Calculate the highest common factor of 768 and 9792.
192
Calculate the highest common divisor of 176 and 754864.
176
What is the highest common factor of 66 and 949938?
66
What is the highest common factor of 189 and 918729?
189
What is the greatest common divisor of 3228 and 186?
6
What is the highest common factor of 191 and 25?
1
Calculate the greatest common divisor of 385623 and 483.
21
What is the highest common divisor of 1752 and 29346?
438
What is the highest common factor of 9930180 and 260?
260
Calculate the highest common factor of 1659 and 9559.
79
Calculate the highest common divisor of 424 and 18338.
106
What is the highest common factor of 206524 and 4?
4
What is the highest common factor of 18130 and 1862?
98
Calculate the greatest common divisor of 104 and 3312.
8
What is the greatest common factor of 8437 and 416?
13
What is the highest common factor of 22207 and 5028?
419
Calculate the greatest common divisor of 121 and 10439.
11
Calculate the highest common divisor of 2242 and 43601.
59
What is the highest common divisor of 472 and 378662?
118
What is the highest common divisor of 337 and 503?
1
What is the greatest common factor of 79 and 46057?
79
Calculate the highest common factor of 87 and 23200.
29
What is the greatest common factor of 867 and 1131?
3
Calculate the greatest common divisor of 907232 and 6.
2
What is the highest common factor of 6278 and 12986?
86
What is the greatest common divisor of 12460581 and 189?
189
What is the highest common factor of 30418 and 670?
134
What is the greatest common factor of 16360 and 194275?
2045
Calculate the greatest common factor of 34706 and 75978.
938
Calculate the greatest common divisor of 408 and 17610.
6
What is the highest common factor of 136 and 43894?
34
Calculate the greatest common divisor of 368 and 596.
4
What is the highest common divisor of 303948 and 1476?
36
Calculate the greatest common factor of 437911 and 4